me factors of 289227.
3, 229, 421
What are the prime factors of 603328?
2, 11, 857
List the prime factors of 14632367.
41, 356887
What are the prime factors of 206435?
5, 19, 41, 53
List the prime factors of 2910047.
7, 415721
What are the prime factors of 671596?
2, 167899
List the prime factors of 528384.
2, 3, 43
List the prime factors of 17022250.
2, 5, 7, 71, 137
List the prime factors of 9475903.
641, 14783
What are the prime factors of 10877350?
2, 5, 11, 19777
List the prime factors of 17957424.
2, 3, 61, 6133
List the prime factors of 159646.
2, 79823
What are the prime factors of 706609?
661, 1069
List the prime factors of 375933.
3, 125311
What are the prime factors of 713035?
5, 142607
List the prime factors of 3519.
3, 17, 23
What are the prime factors of 6821379?
3, 463, 1637
What are the prime factors of 813553?
13, 62581
What are the prime factors of 15873625?
5, 126989
What are the prime factors of 8208721?
8208721
List the prime factors of 558390.
2, 3, 5, 7, 2659
List the prime factors of 806092.
2, 7, 28789
What are the prime factors of 67449?
3, 22483
List the prime factors of 467325.
3, 5, 31, 67
List the prime factors of 319110.
2, 3, 5, 11, 967
What are the prime factors of 46794?
2, 3, 11, 709
What are the prime factors of 3914470?
2, 5, 7, 55921
List the prime factors of 3453434.
2, 757, 2281
List the prime factors of 462031.
491, 941
List the prime factors of 2339914.
2, 17, 68821
List the prime factors of 194347.
109, 1783
List the prime factors of 353479.
7, 50497
What are the prime factors of 77267?
77267
List the prime factors of 2422435.
5, 484487
What are the prime factors of 434058?
2, 3, 73, 991
List the prime factors of 9987981.
3, 3329327
What are the prime factors of 265736?
2, 59, 563
What are the prime factors of 493198?
2, 246599
List the prime factors of 24949.
61, 409
What are the prime factors of 2505064?
2, 313133
List the prime factors of 12134579.
487, 24917
List the prime factors of 1398161.
1398161
List the prime factors of 15645197.
15645197
List the prime factors of 42132933.
3, 53, 29443
What are the prime factors of 19219049?
271, 70919
List the prime factors of 632589.
3, 37, 41, 139
What are the prime factors of 814155?
3, 5, 54277
What are the prime factors of 437655?
3, 5, 163, 179
List the prime factors of 3754525.
5, 179, 839
What are the prime factors of 2343540?
2, 3, 5, 139, 281
List the prime factors of 283030.
2, 5, 11, 31, 83
What are the prime factors of 10381283?
11, 293, 3221
List the prime factors of 1437359.
7, 11, 1697
List the prime factors of 151958.
2, 75979
What are the prime factors of 3222098?
2, 11, 167, 877
What are the prime factors of 4965674?
2, 7, 41, 211
List the prime factors of 435574.
2, 17, 23, 557
List the prime factors of 64473.
3, 21491
What are the prime factors of 97980?
2, 3, 5, 23, 71
What are the prime factors of 121093?
7, 17299
What are the prime factors of 35338?
2, 17669
List the prime factors of 7373687.
331, 22277
What are the prime factors of 1960334?
2, 37, 59, 449
List the prime factors of 2628660.
2, 3, 5, 193, 227
List the prime factors of 4298396.
2, 103, 10433
List the prime factors of 21761616.
2, 3, 453367
What are the prime factors of 4359327?
3, 7, 17, 12211
What are the prime factors of 290529?
3, 19, 1699
What are the prime factors of 103193?
37, 2789
What are the prime factors of 208730?
2, 5, 20873
List the prime factors of 230404.
2, 57601
What are the prime factors of 503199?
3, 18637
List the prime factors of 37825.
5, 17, 89
What are the prime factors of 13537607?
31, 14087
List the prime factors of 613712.
2, 11, 317
List the prime factors of 578679.
3, 67, 2879
List the prime factors of 377396.
2, 94349
List the prime factors of 35087190.
2, 3, 5, 23, 211, 241
List the prime factors of 187484.
2, 11, 4261
What are the prime factors of 2413020?
2, 3, 5, 131, 307
What are the prime factors of 226618?
2, 7, 16187
List the prime factors of 90981.
3, 11, 919
List the prime factors of 2663824.
2, 29, 5741
What are the prime factors of 3780124?
2, 945031
What are the prime factors of 489394?
2, 23, 10639
What are the prime factors of 1906672?
2, 269, 443
What are the prime factors of 377944?
2, 7, 17, 397
List the prime factors of 11422936.
2, 7, 37, 149
List the prime factors of 427256.
2, 53407
What are the prime factors of 71651?
137, 523
List the prime factors of 295009.
11, 13, 2063
List the prime factors of 2366746.
2, 23, 2237
List the prime factors of 563296.
2, 29, 607
What are the prime factors of 512039?
11, 46549
What are the prime factors of 605036?
2, 19, 419
What are the prime factors of 815996?
2, 203999
List the prime factors of 137688.
2, 3, 5737
What are the prime factors of 1259747?
31, 40637
List the prime factors of 480069.
3, 41, 1301
What are the prime factors of 4749642?
2, 3, 263869
List the prime factors of 1094856.
2, 3, 7, 19
List the prime factors of 1561687.
31, 50377
List the prime factors of 1505326.
2, 59, 12757
List the prime factors of 216664.
2, 7, 53, 73
What are the prime factors of 13383440?
2, 5, 7, 23899
List the prime factors of 1717738.
2, 11, 78079
List the prime factors of 1906597.
7, 11, 2251
What are the prime factors of 10625372?
2, 503, 5281
What are the prime factors of 1371514?
2, 59, 197
List the prime factors of 608589.
3, 19, 3559
What are the prime factors of 115494?
2, 3, 19249
What are the prime factors of 4429917?
3, 164071
List the prime factors of 4247346.
2, 3, 181, 3911
What are the prime factors of 10591295?
5, 11, 13, 14813
List the prime factors of 243115.
5, 48623
List the prime factors of 1980658.
2, 990329
List the prime factors of 8220091.
11, 461, 1621
What are the prime factors of 72815?
5, 14563
What are the prime factors of 22857941?
149, 153409
List the prime factors of 568724.
2, 13, 10937
List the prime factors of 104357.
11, 53, 179
What are the prime factors of 566763?
3, 17, 11113
List the prime factors of 1113653.
17, 109, 601
What are the prime factors of 16337593?
16337593
List the prime factors of 41079.
3, 13693
What are the prime factors of 89045?
5, 11, 1619
List the prime factors of 1129718.
2, 17, 149, 223
What are the prime factors of 6450877?
6450877
What are the prime factors of 1360679?
197, 6907
List the prime factors of 1286641.
1286641
What are the prime factors of 5768390?
2, 5, 29, 19891
List the prime factors of 8867112.
2, 3, 53, 6971
What are the prime factors of 58600?
2, 5, 293
List the prime factors of 3018065.
5, 603613
What are the prime factors of 6433276?
2, 17, 89, 1063
List the prime factors of 6089782.
2, 3044891
What are the prime factors of 13450549?
7, 313, 877
What are the prime factors of 2773095?
3, 5, 13, 14221
What are the prime factors of 587267?
587267
What are the prime factors of 656705?
5, 7, 29, 647
List the prime factors of 39423709.
13, 3032593
List the prime factors of 1669612.
2, 7, 59629
What are the prime factors of 136544?
2, 17, 251
What are the prime factors of 2257549?
7, 17, 61, 311
What are the prime factors of 1075886?
2, 7, 31, 37, 67
What are the prime factors of 3467051?
7, 179, 2767
List the prime factors of 17134021.
643, 26647
List the prime factors of 4242104.
2, 577, 919
What are the prime factors of 615006?
2, 3, 7, 1627
List the prime factors of 292400.
2, 5, 17, 43
What are the prime factors of 1251138?
2, 3, 7, 29789
What are the prime factors of 5051973?
3, 23, 211, 347
List the prime factors of 944346.
2, 3, 13, 12107
What are the prime factors of 817286?
2, 408643
What are the prime factors of 3488711?
89, 39199
What are the prime factors of 1976741?
13, 19, 53, 151
What are the prime factors of 458049?
3, 61, 2503
What are the prime factors of 234030?
2, 3, 5, 29, 269
List the prime factors of 202127.
202127
List the prime factors of 959914.
2, 479957
What are the prime factors of 68783?
11, 13, 37
List the prime factors of 118145.
5, 23629
List the prime factors of 58321.
58321
List the prime factors of 731271.
3, 173, 1409
What are the prime factors of 18530605?
5, 19, 131, 1489
List the prime factors of 3013795.
5, 602759
List the prime factors of 3360092.
2, 840023
List the prime factors of 448802.
2, 224401
What are the prime factors of 379787?
379787
What are the prim